- 15*g - 2*g**2 + 13*g. Give l(f).
5
Suppose 0 = l + 4*i - 21, 0*l + 3*i = -3*l + 27. Let u(m) = m - 10. Calculate u(l).
-5
Let l(g) = -5*g**2 - g + 9. Let r(o) = -6*o**2 + 10. Let f(i) = 5*l(i) - 4*r(i). Let z(h) = 4*h - 3. Let m be z(-3). Let p = m - -10. Calculate f(p).
5
Let m(l) = 1 + 0 - 3 + 3*l - 1. Suppose -12 = y - 2*g + 7*g, -3*g + 3 = 4*y. Calculate m(y).
6
Suppose 2*u + 6 = 4*u. Let v(f) = -6 + 2*f + 1 - u*f - 4. What is v(0)?
-9
Let i(f) be the second derivative of 4*f**4/3 - 2*f**3/3 + 5*f**2/2 + f. Let k(b) = -4*b**2 + b - 1. Let u(o) = 2*i(o) + 9*k(o). Give u(-1).
-4
Let v(c) = c**3 + 4*c**2 - 3*c - 5. Let a(f) = -f**3 + 1. Let q(k) = -2*a(k) - v(k). Let m be q(3). Let s(x) = m + 4*x - 4*x - 2*x + x. Calculate s(3).
0
Let g(k) = -k**2 - 7*k - 5. Suppose 3*o = -4*d + 6*o - 29, -12 = -4*o. Let s = d + 1. Give g(s).
7
Let k(w) = w. Let r(q) = q**3 - q - 1. Let p be r(2). Let l(g) = -g**2 + 4*g + 7. Let z be l(p). Suppose c - 2*x - 9 = z*x, c - 6 = x. What is k(c)?
5
Suppose 3 = -a + 2*a. Suppose -x = -3*m - 2*x - 2, a*x - 3 = 0. Let s be 2/((-6)/(-9))*m. Let b(z) = 2*z + 1. Determine b(s).
-5
Let z(w) = 6 - 14 - 3*w**2 - 6*w + 11 + 4*w**2. What is z(2)?
-5
Let f(i) be the second derivative of -i**5/20 - i**4/6 + 2*i**3/3 + i**2 + i. Calculate f(-3).
-1
Let q(a) = a - 1. Let c(w) = -2*w + 9. Let z(f) = -c(f) - 6*q(f). Give z(-3).
9
Suppose 8 = 3*i + 5*c - 10, 0 = 2*i + 2*c - 8. Let r(j) = -j**2 + i - 2 + 4*j + j. Let u be -4 + (-1)/((-4)/36). Calculate r(u).
-1
Suppose 0 = 3*s - 3 - 6. Let g(r) = 10 - 10 - s*r. Give g(-1).
3
Let p(j) = j**3 - 2*j**2 + j. Let c = 8 + -11. Let k(m) = -m**3 - 3*m**2 + m + 4. Let w be k(c). Determine p(w).
0
Let l(h) = 4*h**3 - 6*h**2 + 7*h - 14. Let c(w) = -w**3 + 2. Let z(s) = 5*c(s) + l(s). What is z(-7)?
-4
Let b(s) = -s**2. Let f be b(2). Let x(g) be the third derivative of g**2 + 1/60*g**5 + 0 + 0*g - 1/6*g**3 + 1/6*g**4. Give x(f).
-1
Suppose 5*c + 10 - 95 = 0. Let r(d) = -7 - d + c + 2 + 0. Calculate r(0).
12
Let a(n) be the second derivative of -n**7/840 + n**6/45 - 7*n**5/120 - n**4/6 - 2*n**3/3 + n. Let o(f) be the second derivative of a(f). Give o(7).
-4
Suppose -2*h - 2*w = -14, -12 = -4*h + 6*w - 2*w. Let z(t) = t**2 + 3*t - 1 - 7*t + 0*t**2. Calculate z(h).
4
Let a be ((-1)/(-1))/(-1) - 2. Let b(c) = -11*c - 3 + 4 + 10*c. Determine b(a).
4
Let d be 0/2 - (-2 + 0). Let t = -14 + 21. Let w(r) = t*r - r - 2*r - 3. Determine w(d).
5
Let f(q) be the third derivative of 0*q - 1/60*q**5 - 5/6*q**3 + q**2 - 1/3*q**4 + 0. Let j be (18 - 14)*(-1 - 0). What is f(j)?
11
Let v(m) be the first derivative of -m**2/2 - 3*m - 2. Let z(l) = l - 9. Let a be z(4). Determine v(a).
2
Let p(u) = u**2 + 6*u - 5. Let h be 4/(-2) - (-1 - 1). Suppose h = j + 2*j + 3. Let y(b) = -b**2 - b + 1. Let o(n) = j*p(n) - 3*y(n). Give o(2).
4
Let u(s) = -s - 1. Suppose 15 = c + 4*c. Suppose 2*q - l = 9, -3 = -q - 3*q - c*l. Let r be ((-1)/q)/((-1)/3). Determine u(r).
-2
Let n(r) be the first derivative of r**4/4 + 5*r**3/3 + 3*r**2 + 6*r - 5. Determine n(-4).
-2
Let f(g) be the second derivative of 1/6*g**3 + 0 - 1/2*g**2 - 3*g. Calculate f(-4).
-5
Let g(u) = -u**3 + 5*u**2 - u - 4. Let c(r) = -2*r - 4. Let x be c(-3). Suppose 3*l = 2*l + x. Let f be (-1 + 6)*(-1 + l). What is g(f)?
-9
Let u(b) = 9*b - 5. Let z(y) = -3*y + 2. Let o(m) = -3*u(m) - 8*z(m). Suppose -3*v + 5*a = -0*a - 1, -2 = -2*a. What is o(v)?
-7
Let w(q) = q**3 - 2*q**2 - 8*q + 4. Let n(s) = 2*s**3 - 4*s**2 - 17*s + 9. Let h(c) = -2*n(c) + 5*w(c). What is h(4)?
10
Suppose -w + 6 - 27 = 0. Let q = w + 18. Let a(i) = -4*i**3 - 6*i**2 + i - 4. Let r(g) = 7*g**3 + 11*g**2 - 2*g + 7. Let b(m) = 5*a(m) + 3*r(m). Give b(q).
4
Let x(j) = 2*j + 4*j - j**2 + 3 + 3 - j. Suppose -2*r = -r - 2*t - 7, -4*r + 4*t = -24. Determine x(r).
6
Let d = -8 - -6. Let p(s) = -s**3 - 3*s**3 - 2*s**2 + 3*s**3 - 2*s. What is p(d)?
4
Let t = 7 + -11. Let u(c) = -c**2 + c - 1. Let o(g) = -5*g**2 - 2*g - 8. Let h(z) = o(z) - 4*u(z). Determine h(t).
4
Let h(f) = 2*f - 5*f - 2 + 4*f. Suppose 3*u = 17 - 2. Let o(d) = 1. Let j(b) = u*o(b) + h(b). What is j(5)?
8
Suppose -3*z - 4*j + 107 = 0, -2*z - j + 68 = -0*z. Suppose 0 - z = 4*f + q, f = 4*q + 13. Let o(t) = -t**3 - 6*t**2 + 6*t - 6. What is o(f)?
1
Let t be (-24)/(-14) - (-6)/21. Let l(z) = 0 - z**2 + z**3 + z + 5*z**t + 0. Calculate l(-3).
6
Let b be (1 + -4)*5/3. Let g(v) = 4 + 4*v**2 + 0 - 7 - 7*v - 5*v**2. Calculate g(b).
7
Let s(i) = 10*i - 1. Let j = 4 - 2. Suppose 2*r - 4 = -j*r. Let f be r + 0 + 0/(-1). Calculate s(f).
9
Let o(u) = 2*u - 1. Let h(f) = -f. Let j(t) = 4*h(t) + o(t). Suppose 0 = -y + 4. Calculate j(y).
-9
Let f(k) be the second derivative of -k**4/12 + k**3/2 + 2*k**2 - 2*k. Let y = -2 + 4. Suppose y + 1 = r. Determine f(r).
4
Let f = 1 + -1. Suppose u + u + 10 = f. Let c(i) be the third derivative of i**4/24 - i**3/3 + 5*i**2 - 5*i. What is c(u)?
-7
Let q(v) = 7*v**3 + 2*v**2 + 4*v - 6. Let h(y) = 3*y**3 + y**2 + 2*y - 3. Let d(n) = n**2 - 9*n + 4. Let z be d(8). Let w(g) = z*q(g) + 9*h(g). What is w(2)?
-3
Suppose -5*n - 4*x = 35, -4*x - 37 + 9 = 4*n. Let h(q) = -q**2 - 7*q - 6. Determine h(n).
-6
Let r(c) = c**3 - 5*c**2 + 2*c - 6. Suppose -7 = -q - 2. Suppose 0 + 5 = q*n + 2*y, 0 = 4*n + 2*y - 6. Let g = n + 6. Determine r(g).
4
Let a(p) = -p**3 - 3*p**2 + 2*p + 2. Let q = -42 + 39. What is a(q)?
-4
Let s be (3 - -2)*(-8)/(-10). Suppose 4*a - 18 = 2*i - 4, 2 = s*a + 2*i. Let z(x) = -2*x + 1. Give z(a).
-3
Suppose 4*r - 52 = 20. Let x be 4/18 - 76/r. Let h(z) = 3*z - 2 + z - 6*z. Calculate h(x).
6
Let b be 22 - (-2 - (1 - 4)). Let u be 15/(-35) - (-72)/b. Let w(z) = -z - 2. Give w(u).
-5
Let r = 39 + -42. Let h(v) = -v**2 - 2*v + 1. What is h(r)?
-2
Let g = -5 - -7. Let q(i) = -13*i + 4. Let z = -6 - -8. Let u(m) = 6*m - 2. Let a(f) = z*q(f) + 5*u(f). Give a(g).
6
Let d(h) be the first derivative of h**4/4 - 5*h**3/3 - 7*h**2/2 + h + 16. Give d(6).
-5
Suppose 0 = -3*z + 2*s - 115, -4*z = -9*z - 3*s - 160. Let a be (6/5)/((-14)/z). Let d(t) = -3 + 9*t - t**a + 4 - 7*t. What is d(-2)?
5
Suppose 0 = -5*t + 5*l + 70, 0 = -5*t + 2*l + 65 - 1. Let u be (t/5)/4*5. Let c(a) = 5 - 5 - 5 + u + 5*a - 2*a**2. What is c(3)?
-5
Let c(a) be the second derivative of -a**4/12 - 3*a**3/2 + 5*a**2 - 3*a. Determine c(-9).
10
Let n(f) = 2*f**2 - 5*f + 11. Let t(c) = 3*c**2 - 8*c + 17. Let j(x) = 8*n(x) - 5*t(x). Let w be (-2)/(-2)*(-5 - -5). Calculate j(w).
3
Let w(c) = -c**2 + 9*c + 9. Suppose 20 = 2*j + 2*j, -3*j = -4*p + 25. Determine w(p).
-1
Let y(q) be the second derivative of q**5/20 - q**4/2 + 7*q**3/6 - 2*q**2 - 58*q. Give y(5).
6
Let g(h) = h + 4. Let n be g(-2). Let i(z) = -4*z**2 - 1. Determine i(n).
-17
Let w(l) = -3*l - 2. Suppose 45 = 5*p + 4*x, -4*p + 25 = -p + 2*x. Suppose -2*v + 8 = -2*r, -5*v + 0*r - 10 = p*r. Let b be -6 + (v - -2) + 0. What is w(b)?
7
Let b(y) = -3*y**3 + y**2 - y. Let j be 0*(-4)/20 + 2/2. Give b(j).
-3
Let b be 60/35 - 4/42*-3. Let c(r) be the second derivative of 1/2*r**3 + 3*r - r**b + 1/12*r**4 + 0. Calculate c(-4).
2
Let s(l) be the first derivative of -7*l**4/4 + l - 7. Calculate s(1).
-6
Let b(j) be the second derivative of -j**3/6 + 7*j**2/2 + 28*j. Calculate b(4).
3
Let y(u) = -10 - 4*u**3 - 181*u**2 - u + 3*u**3 + 174*u**2. What is y(-7)?
-3
Let g(j) = j**3 + j + 2*j**2 - 8*j + 3*j + j - 2. Suppose -5*v - 6 = 9. Determine g(v).
-2
Let o = 18 + -17. Let u = 2 + o. Let d(l) = l - 1. Give d(u).
2
Suppose -4 = 4*m - 6*m. Suppose m*u = u. Let k(s) = s + 3 + 3 + u*s. Calculate k(-3).
3
Let b(t) = 1610*t**3 - 3 + 4 - t**2 - 1615*t**3. Give b(-1).
5
Suppose 2*a + a - 9 = 0. Suppose -a*r + 0*r = 0. Let t(f) = f + 5. Let o(p) = -p - 4. Let v(l) = -2*o(l) - 3*t(l). Calculate v(r).
-7
Let x(l) = -l**2 + 8*l + 3. Let q be 92/15 - (-8)/(-60). Give x(q).
15
Let v(k) be the second derivative of k**4/12 - 3*k**3/2 + 5*k**2/2 - k. Determine v(8).
-3
Let i be (-424)/(-24) - 2/(-6). Let p be (24/i)/(1/(-6)). Let c(m) = -2*m - 12. Calculate c(p).
4
Let r = 4 + -2. Suppose -3*w = -4*t + r, 5*w - t - 4 = 2*t. Suppose 0 = -w*f - 3*f. Let c(y) = y**3 + y**2 + y - 3. What is c(f)?
-3
Let n(m) = -m - 8. Let a(s) be the second derivative of s**2/2 + s. Let c(l) = -5*a(l) - n(l). Determine c(-2).
1
Let x = 5